).
-8
Suppose -2*a = -0*a - 2. Let h(r) = -2 + 6*r - 5*r**2 + a + r**3 - 3 + 0*r**2. Calculate h(4).
4
Let u be 0*(-2)/(-4) + 4. Let r(g) = -2*g**3 - 6*g**2 - g - 6. Let j(n) = n**3 + n**2 - n + 1. Let z(v) = -3*j(v) - r(v). Determine z(u).
3
Let v = 1 + 1. Let n(y) = -y**2 - 3*y**2 + 4*y + 2*y**2 + 4*y**2 + v. Let k be ((-3)/6)/((-1)/(-4)). What is n(k)?
2
Let p(r) = 0*r - r - 5 + 2. Let k be 280/36 - 2/(-9). Suppose -5*s + k = 3*y, 3*y - 4*s + 29 = 1. Determine p(y).
1
Let k(i) = i**3 - 6*i**2 - 6*i - 4. Let a(z) = z**2 + z - 1. Let b(v) = -2*a(v) - k(v). Let t(m) = -2*m - 15. Let l be t(-10). Determine b(l).
1
Let a(y) = 2*y**2 + 8*y - 2. Let o be -33 + 22 + (-5)/(-1). Give a(o).
22
Suppose n - 5 = -2*j, -n + 3 = 2*j - 2*n. Let l(p) = -2*p**3 + 2*p**2 + 3*p**j + 6 + p**3 + 6*p. Calculate l(6).
6
Let r = -5 - -3. Let s be r/1*3/2. Let w = s + 2. Let j(b) = -2*b**2 - b. Give j(w).
-1
Let c(q) = -q - 5. Suppose 0 = j - 4*i - 23, 4*j + 8 = -i - 3*i. Suppose j*k + 12 = k. Calculate c(k).
1
Suppose 4*j + 18 = 6. Let r(x) = -x**3 - 3*x**2 + x + 3. Calculate r(j).
0
Let y = -3 - -7. Let b(u) = 2*u - u**3 - 3*u + y*u**3 + 0*u**3. Give b(1).
2
Let s(x) be the second derivative of 2*x + 0*x**3 + 1/4*x**4 + 3/2*x**2 - 1/20*x**5 + 0. What is s(3)?
3
Let a(z) = 2*z**3 + 4*z**2 + 4*z - 1. Let x(c) = -c**3 - c**2 - c + 1. Let v(r) = a(r) + 3*x(r). Give v(-2).
12
Let w(b) = -b**3 + b**2 - 1. Let m(r) = 4*r**2 - 4. Let j(u) = -m(u) + 5*w(u). Give j(-1).
5
Let i(s) be the first derivative of 7*s**4/4 + s**3/3 - s**2/2 - s - 15. Let c = -1 - 0. Give i(c).
-6
Let f = 5 + -2. Let s(g) = -g**2 + g - f*g**2 + 18*g**2. Determine s(-1).
13
Let p = -4 + 7. Let w be 1 - -3 - (4 + -4). Let c(v) = 3 + w - 2*v - 4. Determine c(p).
-3
Let w(v) = -2 + 6*v + 4 - 5*v. Let j be w(-5). Let y(o) be the third derivative of o**4/24 - o**3/6 - o**2. Give y(j).
-4
Suppose 0 = 2*b + 5*l + 1, l + l + 10 = -4*b. Let z(j) = 5*j**2 + 2*j + 4. Let q(w) = w**2 + w + 1. Let y(a) = 6*q(a) - z(a). Give y(b).
-1
Let m(n) = n**3 + 6*n**2 + 4*n - 1. Let t = -15 + 30. Suppose p = -2*p - t. What is m(p)?
4
Suppose 0 = -0*b + 4*b - 28. Let c(s) = -2*s + 9. Calculate c(b).
-5
Let r(i) = -18*i**2 - 1. Suppose -2*l + 3*l = c + 4, 4*l - 9 = -3*c. Calculate r(c).
-19
Let x(a) = a - 5. Suppose -1 = 2*s - 15. Give x(s).
2
Let f(u) = u**2 - u - 5. Let d(z) = z**2 - 3*z. Let x be d(3). Suppose -6*n + n = x. Let t be f(n). Let c(h) = -h**2 - 6*h - 2. Give c(t).
3
Let t(n) = -3*n - 6. Suppose -4*x = x - 10. Suppose -5*c - x*a - 30 = 0, 2 + 5 = -3*c + a. What is t(c)?
6
Let q(w) = -3*w + 20. Let n be 22/(-2) - (3 + -3). Let r(i) = i - 7. Let f(h) = n*r(h) - 4*q(h). Determine f(8).
5
Let d(a) = -a**3 - 5*a**2 - 4*a. Let o be d(-4). Let r(l) = o*l**2 + 3 - 6 + 2 + l**2. Calculate r(-3).
8
Let z(y) = -10*y - 1. Suppose 5*v + 2 - 7 = 0. What is z(v)?
-11
Let y(d) = d**3 - 9*d**2 + 10*d - 11. Let k(i) = i**2 - 7*i + 14. Let m be k(6). Determine y(m).
5
Let m(u) = u - 6. Let a(l) = l**2 - 3*l + 2. Suppose 5*k = -w + 5, k - 13 = 2*k + 3*w. Let b(y) = y. Let i be b(k). Let c be a(i). Determine m(c).
-6
Let j(o) = 2*o - 7. Let v be j(6). Let t(m) = -m + 2. Let r be t(v). Let d(f) = -2*f**2 - 3*f + 3. What is d(r)?
-6
Let i(o) = 7*o - 3*o + 2 + 3*o - 3*o. Give i(2).
10
Let f(b) = b**2 + b + 4. Suppose 0*v = 3*v. Let i be f(v). Let a(m) = -m**2 + 4*m + 2. What is a(i)?
2
Let w(k) = -k**2 + 5*k - 2. Let z be w(3). Let v(a) = -a**2 + 6*a - 3. Let g be v(z). Let d(p) = -p**2 + 4*p - 1. Give d(g).
-6
Let w(g) be the third derivative of g**6/40 - g**5/60 - g**4/24 - g**3/6 - g**2. Let t = -11 - -18. Suppose -3*p - t = -4. What is w(p)?
-4
Suppose -9 = -5*t + 11. Let m(j) = -2*j + 4. Let i be m(t). Let l be ((-30)/9)/(i/(-6)). Let d(o) = 2*o + 1. Calculate d(l).
-9
Let r(x) = 5*x + 18. Let d be r(-4). Let g(n) = -6*n - 1. Give g(d).
11
Let c(b) = -3*b + 17. Let n be c(5). Let v(u) = u**2 + 3*u - 2. Determine v(n).
8
Let o(y) = -y**3 - 5*y**2 - 4*y + 2. Suppose 2*n - 7 + 1 = 0. Suppose -5*j + 2*j + 36 = n*q, -2*j + 5*q = -24. Let p = 8 - j. Determine o(p).
2
Let o(x) = 4*x**2 + 12*x + 11. Let p(w) = 3*w**2 + 11*w + 10. Let g(f) = 2*o(f) - 3*p(f). Calculate g(-6).
10
Let t(v) = 6*v - 3. Suppose 0 = -5*g - 0*g - 20. Let b(q) = q + 1. Let h(d) = -4*d + 7. Let l(r) = 3*b(r) - h(r). Let w(p) = g*t(p) + 3*l(p). Give w(1).
-3
Let p(c) = c**3 + 9*c**2 + 7*c + 1. Let b be p(-8). Suppose 2*a = -a + b. Let g(d) = -2*d**2 + 2*d + 4. What is g(a)?
-8
Let v(k) = 6*k - 6*k + k - 8. Suppose 12 = 3*h - d - 31, h - 5*d + 9 = 0. Suppose 3*y - h = -1. Calculate v(y).
-3
Let l = 1 + 0. Let a(k) be the first derivative of k**7/105 + k**6/360 + 2*k**3/3 + 2. Let m(d) be the third derivative of a(d). What is m(l)?
9
Let x(f) = f - 2. Let y(m) = 7*m**3 - 2*m**2 + 1. Let l be y(1). Give x(l).
4
Let b be ((-12)/12 - (4 - 1)) + 1. Let s(l) = -l**2 + 1. Calculate s(b).
-8
Let a(c) = 15*c - 3. Let n(b) = -60*b + 13. Let w(u) = -9*a(u) - 2*n(u). Calculate w(1).
-14
Suppose u - 23 = 2*b, 4*b - 2*b + 38 = -4*u. Let q = -10 - b. Let j(p) = p**2 - 8*p + 3. Give j(q).
-12
Suppose 4*c - 4 = 4*u - 16, 0 = -3*c + 3. Let r(l) = -2 + 2*l**2 - 1 - l**3 + 6*l + l**2. Give r(u).
5
Let j(c) = -4*c + 2. Let i(h) = -9*h + 3. Let r(f) = 3*i(f) - 5*j(f). Determine r(1).
-8
Suppose -2*h + 12 = 2*h. Let k be 1 + 3/h + 0. Suppose k = -2*n + 6. Let w(a) = 4*a - 3. Determine w(n).
5
Let m(o) = -2*o**3 + o**3 - o + o**2 + 12 - 8. Let g be (-1)/(-5) - 12/60. What is m(g)?
4
Let i(t) be the third derivative of t**9/60480 + t**8/20160 - t**6/720 - t**5/20 - 4*t**2. Let j(b) be the third derivative of i(b). Determine j(-1).
-1
Let d(s) = 3*s**3 - s**2. Let t(o) = o**3 - 5*o**2 + 3*o + 5. Let z be t(4). Calculate d(z).
2
Let j(n) = -2*n - 2. Suppose l - 6*l - 10 = 0. Calculate j(l).
2
Let i be 14/(-42) + 13/3 + 1. Let j(v) = -4*v + 4. Determine j(i).
-16
Let f(x) = x**2 + 6. Let a be (1 + 4/(-8))*0. Calculate f(a).
6
Let x(r) be the third derivative of -r**5/60 - r**4/8 - r**3/6 - 6*r**2. Suppose 0 = -l - 2*a + 7, a = 5*l - 2*a + 30. Give x(l).
-1
Let b(h) = h**2 - h - 1. Let a(w) = -2*w**2 + 4*w. Let q be a(3). Let x = -3 - q. Determine b(x).
5
Suppose 0 = -0*q - 5*q - 5, -u + q + 2 = 0. Suppose -u = o - 4. Let l(f) = -f**3 + 3*f**2 - 3*f + 3. Calculate l(o).
-6
Let n(h) = h - 13*h**3 - h + 14*h**3 + 2*h**2. Suppose p - 6 = 4*p. Calculate n(p).
0
Suppose 0 = 2*z + 5*z - 42. Let b(t) = t**2 - 6*t - 1. What is b(z)?
-1
Let d(j) be the first derivative of j**4/4 - 4*j**3/3 - 3*j**2/2 - 5*j - 6. What is d(4)?
-17
Let m(i) = 5*i**3 + 3*i**2 - i - 4. Let u(x) = 11*x**3 + 6*x**2 - 3*x - 9. Let k(q) = -7*m(q) + 3*u(q). What is k(-2)?
9
Let l(q) = 3*q**2 + 3*q + 1. Suppose o = 4*o - 15. Suppose o*y + 9 = -1. Determine l(y).
7
Let n(u) = 4*u + 4 + 3*u - 9*u. Give n(4).
-4
Let y(o) be the second derivative of -o + 2*o**2 + 1/20*o**5 + 1/6*o**3 - 1/3*o**4 + 0. Let v(l) = -l**3 - 6*l**2 - l - 3. Let h be v(-6). Give y(h).
-2
Let y be 2/(-3)*(-18)/((-6)/(-1)). Let p(i) = -5*i - 2. Give p(y).
-12
Let f(p) be the first derivative of p**3/3 - 5*p**2/2 + 2*p + 9. Give f(3).
-4
Let p(d) = -d. Let m = 1 - 9. Let x = -9 - m. Let q be (2 + x)/((-6)/(-18)). Determine p(q).
-3
Let u(k) = k**3 + 6*k**2 + 6*k + 1. Let r = 1 - 1. Let p be (-10 + r)*2/5. Determine u(p).
9
Let l(m) = m - 1. Let s(z) = -z**3 - 13*z**2 - 12*z + 11. Let k be s(-12). Let i = k - 12. Determine l(i).
-2
Let u be (2 - 3)*-1 - 8. Let d(z) = 2*z - 1. Let p(w) be the third derivative of w**4/24 - 6*w**2. Let y(v) = u*p(v) + 3*d(v). Determine y(3).
-6
Let h(u) = -3*u + 1. Let r = -15 + 14. Determine h(r).
4
Let h(i) = -9 - 4*i + 4*i + i. Let c be h(4). Let a(w) = w**3 + 5*w**2 + 7. Calculate a(c).
7
Let n be 2/6 + 1/(-3). Suppose 6 = 2*f - n. Let u(h) = h - 1. Give u(f).
2
Suppose 2*q + 5*u = -15 - 8, 20 = -5*q - 5*u. Let h be 2/(-1) + 24*q. Suppose -2*x = 4*o + x + h, -3*o - 22 = 5*x. Let n(j) = j**2 + 4*j. Calculate n(o).
0
Let y(v) = 3*v - 2*v + 5*v - 3 - 4*v. Let g(a) = -a**2 - a + 5. Let n be g(0). Give y(n).
7
Let o = 1 + 0. Suppose -2*n = -o - 3. Suppose 0 = -n*j - 2*j. Let a(i) = -i**3 + i**2 + i - 2. Calculate a(j).
-2
Let v(p) be the second derivative of p**4/6 - p**3/6 - p**2 + 8*p. Determine v(2).
4
Suppose y + 18 = k + 5*y